{"id":30967,"date":"2019-08-20T16:26:07","date_gmt":"2019-08-20T16:26:07","guid":{"rendered":"https:\/\/santoandremotores.com.br\/web\/\/?page_id=30967"},"modified":"2022-07-07T18:48:18","modified_gmt":"2022-07-07T18:48:18","slug":"conserto-de-motores-eletricos-usados-no-grande-abc","status":"publish","type":"page","link":"https:\/\/santoandremotores.com.br\/web\/conserto-de-motores-eletricos-usados-no-grande-abc\/","title":{"rendered":"Conserto de motores el\u00e9tricos usados no Grande ABC"},"content":{"rendered":"<p>[vc_row full_width=&#8221;stretch_row_content_no_spaces&#8221; css=&#8221;.vc_custom_1464176165727{margin-bottom: 0px !important;}&#8221;][vc_column offset=&#8221;vc_hidden-md vc_hidden-sm vc_hidden-xs&#8221;][vc_row_inner css=&#8221;.vc_custom_1547635812873{background-image: url(https:\/\/santoandremotores.com.br\/web\/\/wp-content\/uploads\/2019\/01\/motor-eletrico-usado.png?id=30607) !important;background-position: center !important;background-repeat: no-repeat !important;background-size: cover !important;}&#8221;][vc_column_inner width=&#8221;1\/2&#8243;][\/vc_column_inner][vc_column_inner width=&#8221;1\/2&#8243; css=&#8221;.vc_custom_1523107734455{padding-left: 78px !important;background-color: rgba(39,41,44,0.4) !important;*background-color: rgb(39,41,44) !important;}&#8221;]<div class=\"clearboth\"><\/div><div class=\"gem-divider \" style=\"margin-top: 100px;\"><\/div>[vc_column_text css_animation=&#8221;right-to-left&#8221;]<\/p>\n<div class=\"title-h2\" style=\"margin-bottom: 20px;\"><span style=\"color: #ffffff;\">CONSERTO DE MOTORES EL\u00c9TRICOS USADOS NO GRANDE ABC<\/span><\/div>\n<div style=\"width: 63px; height: 2px; background: #fbcf00; text-indent: 9999px;\">1<\/div>\n<p>[\/vc_column_text]<div class=\"clearboth\"><\/div><div class=\"gem-divider \" style=\"margin-top: 65px;\"><\/div>[vc_column_text css_animation=&#8221;right-to-left&#8221; css=&#8221;.vc_custom_1547742308423{padding-right: 30px !important;}&#8221;]<\/p>\n<p style=\"text-align: justify;\"><span style=\"color: #ffffff;\">A Santo Andr\u00e9 Motores trabalha com a conserto de motor el\u00e9trico.<\/span><\/p>\n<p style=\"text-align: justify;\"><span style=\"color: #ffffff;\">Investir em conserto de motor el\u00e9trico da Santo Andr\u00e9 Motores cont\u00e9m um excelente custo benef\u00edcio, podendo ser encontrado com pre\u00e7o at\u00e9 50% menor se comparado a um motor novo.<\/span><\/p>\n<p style=\"text-align: justify;\"><span style=\"color: #ffffff;\">Em rela\u00e7\u00e3o a conserto de motor el\u00e9trico, trabalhamos com os produtos de mais alta qualidade. Al\u00e9m de contar com o MAIOR ESTOQUE do Brasil, todos com garantia de at\u00e9 180 dias.<\/span><\/p>\n<p>[\/vc_column_text]<div class=\"clearboth\"><\/div><div class=\"gem-divider \" style=\"margin-top: 40px;\"><\/div><div class=\"clearboth\"><\/div><div class=\"gem-divider \" style=\"margin-top: 95px;\"><\/div>[\/vc_column_inner][\/vc_row_inner][\/vc_column][\/vc_row][vc_row full_width=&#8221;stretch_row_content_no_spaces&#8221; css=&#8221;.vc_custom_1464176165727{margin-bottom: 0px !important;}&#8221;][vc_column offset=&#8221;vc_hidden-lg&#8221;][vc_row_inner css=&#8221;.vc_custom_1547637551817{background-image: url(https:\/\/santoandremotores.com.br\/web\/\/wp-content\/uploads\/2019\/01\/motor-eletrico-usado.png?id=30607) !important;background-position: center !important;background-repeat: no-repeat !important;background-size: cover !important;}&#8221;][vc_column_inner css=&#8221;.vc_custom_1523108104260{padding-right: 20px !important;padding-left: 20px !important;background-color: rgba(39,41,44,0.4) !important;*background-color: rgb(39,41,44) !important;}&#8221;][vc_column_text css_animation=&#8221;right-to-left&#8221;]<\/p>\n<div class=\"title-h2\" style=\"margin-bottom: 20px;\"><span style=\"color: #ffffff;\">CONSERTO DE MOTORES EL\u00c9TRICOS USADOS NO GRANDE ABC<\/span><\/div>\n<div style=\"width: 63px; height: 2px; background: #fbcf00; text-indent: 9999px;\">1<\/div>\n<p>[\/vc_column_text]<div class=\"clearboth\"><\/div><div class=\"gem-divider \" style=\"margin-top: 65px;\"><\/div>[vc_column_text css_animation=&#8221;right-to-left&#8221;]<\/p>\n<p style=\"text-align: left;\"><span style=\"color: #ffffff;\">Temos o maior estoque do Brasil, com grande variedade de marcas, tamanhos e modelos de MOTORES EL\u00c9TRICOS USADOS NO GRANDE ABC e RECONDICIONADOS: Weg, GE, Eberle, Siemens, Arno, B\u00fafalo entre outros&#8230;<\/span><\/p>\n<p style=\"text-align: left;\"><span style=\"color: #ffffff;\">Excelente rela\u00e7\u00e3o de custo-benef\u00edcio comparado a um motor novo e com garantia de 180 dias.<\/span><\/p>\n<p style=\"text-align: left;\"><span style=\"color: #ffffff;\">Desde 2001 a Santo Andr\u00e9 Motores se destaca no no servi\u00e7o de conserto de motor el\u00e9trico, al\u00e9m de vendas Motores el\u00e9tricos em trif\u00e1sicos, redutores de velocidade, tamb\u00e9m oferece a sua experi\u00eancia para o servi\u00e7os de consertos e manuten\u00e7\u00e3o em todo o Brasil. <\/span><\/p>\n<p>[\/vc_column_text]<div class=\"clearboth\"><\/div><div class=\"gem-divider \" style=\"margin-top: 40px;\"><\/div><div class=\"clearboth\"><\/div><div class=\"gem-divider \" style=\"margin-top: 95px;\"><\/div>[\/vc_column_inner][\/vc_row_inner][\/vc_column][\/vc_row][vc_row full_width=&#8221;stretch_row&#8221; css=&#8221;.vc_custom_1547635860861{margin-bottom: 0px !important;background-image: url(https:\/\/santoandremotores.com.br\/web\/\/wp-content\/uploads\/2019\/01\/motor-eletrico-usado-1.png?id=30608) !important;background-position: center !important;background-repeat: no-repeat !important;background-size: cover !important;}&#8221;][vc_column offset=&#8221;vc_hidden-md vc_hidden-sm vc_hidden-xs&#8221;]<div class=\"clearboth\"><\/div><div class=\"gem-divider \" style=\"margin-top: 40px;\"><\/div>[vc_column_text css_animation=&#8221;left-to-right&#8221;]<\/p>\n<div class=\"title-h5\" style=\"margin-bottom: 20px;\"><span style=\"color: #2c2c2c;\">Conte com a garantia Santo Andr\u00e9 Motores de 180 dias, e os melhores pre\u00e7os para que seus motores el\u00e9tricos usados no Grande ABC tenha sempre a melhor qualidade.<\/span><\/div>\n<div style=\"width: 63px; height: 2px; background: #fbcf00; text-indent: 9999px;\">1<\/div>\n<p>[\/vc_column_text][\/vc_column][vc_column width=&#8221;1\/2&#8243; offset=&#8221;vc_hidden-md vc_hidden-sm vc_hidden-xs&#8221;][vc_column_text css_animation=&#8221;left-to-right&#8221;]<\/p>\n<p style=\"text-align: left;\"><span style=\"color: #8d8d8d;\"><br \/>\nCaso necess\u00e1rio a troca de um motor queimado, \u00e9 realizado a <a href=\"https:\/\/santoandremotores.com.br\/web\/motor-eletrico-venda-a-base-de-troca\/\" target=\"_blank\" rel=\"noopener\">Base-troca<\/a>, a empresa faz a troca do motor por outro da mesma marca e pot\u00eancia e pelo custo de um rebobinamento, utilizando o motor a pronta entrega.<br \/>\nAs vantagens do conserto de motor el\u00e9trico da Santo Andr\u00e9 Motores s\u00e3o: <\/span><\/p>\n<p>[\/vc_column_text]<div class=\"gem-list gem-list-type-square gem-list-color-4\"><ul style=\"text-align: left;\">\n<li>Weg;<\/li>\n<li>GE;<\/li>\n<li>Eberle;<\/li>\n<li>Siemens;<\/li>\n<li>Arno;<\/li>\n<li>B\u00fafalo entre outros.<\/li>\n<\/ul>\n<\/div>[\/vc_column][vc_column width=&#8221;1\/2&#8243; offset=&#8221;vc_col-lg-offset-0 vc_col-md-offset-0 vc_hidden-md vc_col-sm-offset-0 vc_hidden-sm vc_hidden-xs&#8221;][vc_column_text]<\/p>\n<p style=\"text-align: left;\"><span style=\"color: #8d8d8d;\">Utilizar os servi\u00e7os da Santo Andr\u00e9 Motores \u00e9 garantia de qualidade! A empresa trabalha com os melhores produtos e um excelente custo benef\u00edcio.<\/span><\/p>\n<p style=\"text-align: left;\"><span style=\"color: #8d8d8d;\">Especializada em conserto de motor el\u00e9trico, ocupa um lugar de destaque no mercado, trabalhando com sinceridade, pensando sempre no melhor atendimento aos nossos clientes, valorizando um grupo profissional altamente competente e alta qualidade em seus produtos.<\/span><\/p>\n<p style=\"text-align: left;\"><span style=\"color: #8d8d8d;\">A Santo Andr\u00e9 Motores est\u00e1 localizada em Santo Andr\u00e9, por\u00e9m atende outras regi\u00f5es como S\u00e3o Bernardo do Campo, S\u00e3o Caetano do Sul, Mau\u00e1, Diadema, Grande ABC e S\u00e3o Paulo. Para saber mais sobre Motores el\u00e9tricos entre em contato atrav\u00e9s dos telefones (11) 4975-9875 | (11) 4477-2800 ou nos nossos emails: vendas@santoandremotores.com.br | vendas2@santoandremotores.com.br<\/span><\/p>\n<p>[\/vc_column_text][\/vc_column][\/vc_row][vc_row full_width=&#8221;stretch_row&#8221; css=&#8221;.vc_custom_1547635884444{margin-bottom: 0px !important;background-image: url(https:\/\/santoandremotores.com.br\/web\/\/wp-content\/uploads\/2019\/01\/motor-eletrico-usado-1.png?id=30608) !important;background-position: center !important;background-repeat: no-repeat !important;background-size: cover !important;}&#8221;][vc_column offset=&#8221;vc_hidden-lg&#8221;]<div class=\"clearboth\"><\/div><div class=\"gem-divider \" style=\"margin-top: 40px;\"><\/div>[\/vc_column][vc_column width=&#8221;1\/2&#8243; offset=&#8221;vc_hidden-lg&#8221;][vc_column_text css_animation=&#8221;left-to-right&#8221;]<\/p>\n","protected":false},"excerpt":{"rendered":"<p>[vc_row full_width=&#8221;stretch_row_content_no_spaces&#8221; css=&#8221;.vc_custom_1464176165727{margin-bottom: 0px !important;}&#8221;][vc_column offset=&#8221;vc_hidden-md vc_hidden-sm vc_hidden-xs&#8221;][vc_row_inner css=&#8221;.vc_custom_1547635812873{background-image: url(https:\/\/santoandremotores.com.br\/web\/\/wp-content\/uploads\/2019\/01\/motor-eletrico-usado.png?id=30607) !important;background-position: center !important;background-repeat: no-repeat !important;background-size: cover !important;}&#8221;][vc_column_inner width=&#8221;1\/2&#8243;][\/vc_column_inner][vc_column_inner width=&#8221;1\/2&#8243; css=&#8221;.vc_custom_1523107734455{padding-left: 78px !important;background-color: rgba(39,41,44,0.4) !important;*background-color: rgb(39,41,44) !important;}&#8221;][vc_column_text css_animation=&#8221;right-to-left&#8221;] CONSERTO DE MOTORES EL\u00c9TRICOS USADOS&#8230;<\/p>\n","protected":false},"author":1,"featured_media":0,"parent":0,"menu_order":0,"comment_status":"closed","ping_status":"closed","template":"","meta":[],"_links":{"self":[{"href":"https:\/\/santoandremotores.com.br\/web\/wp-json\/wp\/v2\/pages\/30967"}],"collection":[{"href":"https:\/\/santoandremotores.com.br\/web\/wp-json\/wp\/v2\/pages"}],"about":[{"href":"https:\/\/santoandremotores.com.br\/web\/wp-json\/wp\/v2\/types\/page"}],"author":[{"embeddable":true,"href":"https:\/\/santoandremotores.com.br\/web\/wp-json\/wp\/v2\/users\/1"}],"replies":[{"embeddable":true,"href":"https:\/\/santoandremotores.com.br\/web\/wp-json\/wp\/v2\/comments?post=30967"}],"version-history":[{"count":3,"href":"https:\/\/santoandremotores.com.br\/web\/wp-json\/wp\/v2\/pages\/30967\/revisions"}],"predecessor-version":[{"id":31744,"href":"https:\/\/santoandremotores.com.br\/web\/wp-json\/wp\/v2\/pages\/30967\/revisions\/31744"}],"wp:attachment":[{"href":"https:\/\/santoandremotores.com.br\/web\/wp-json\/wp\/v2\/media?parent=30967"}],"curies":[{"name":"wp","href":"https:\/\/api.w.org\/{rel}","templated":true}]}}