{"id":30252,"date":"2018-04-10T13:36:34","date_gmt":"2018-04-10T13:36:34","guid":{"rendered":"https:\/\/santoandremotores.com.br\/web\/\/?page_id=30252"},"modified":"2021-04-21T13:47:01","modified_gmt":"2021-04-21T13:47:01","slug":"redutores","status":"publish","type":"page","link":"https:\/\/santoandremotores.com.br\/web\/redutores\/","title":{"rendered":"Redutores"},"content":{"rendered":"<p>[vc_row full_width=&#8221;stretch_row_content_no_spaces&#8221; css=&#8221;.vc_custom_1464176165727{margin-bottom: 0px !important;}&#8221;][vc_column offset=&#8221;vc_hidden-md vc_hidden-sm vc_hidden-xs&#8221;][vc_row_inner css=&#8221;.vc_custom_1544630978746{background-image: url(https:\/\/santoandremotores.com.br\/web\/\/wp-content\/uploads\/2018\/04\/fundoproduto-18.png?id=30263) !important;background-position: center !important;background-repeat: no-repeat !important;background-size: cover !important;}&#8221;][vc_column_inner width=&#8221;1\/2&#8243;][\/vc_column_inner][vc_column_inner width=&#8221;1\/2&#8243; css=&#8221;.vc_custom_1618584379675{padding-right: 78px !important;padding-left: 78px !important;background-color: rgba(39,41,44,0.4) !important;*background-color: rgb(39,41,44) !important;}&#8221;]<div class=\"clearboth\"><\/div><div class=\"gem-divider \" style=\"margin-top: 100px;\"><\/div>[vc_column_text css_animation=&#8221;right-to-left&#8221;]<\/p>\n<div class=\"title-h2\" style=\"margin-bottom: 20px;\"><span style=\"color: #ffffff;\">Redutores<\/span><\/div>\n<p style=\"text-align: justify;\"><strong><span style=\"color: #ffffff;\">NA SANTO ANDR\u00c9 MOTORES VOC\u00ca ENCONTRA REDUTORES DE VELOCIDADE USADOS E RECONDICIONADOS DE V\u00c1RIAS CAPACIDADES.<\/span><\/strong><\/p>\n<div style=\"width: 63px; height: 2px; background: #fbcf00; text-indent: 9999px;\">1<\/div>\n<p>[\/vc_column_text]<div class=\"clearboth\"><\/div><div class=\"gem-divider \" style=\"margin-top: 15px;\"><\/div>[vc_column_text css_animation=&#8221;right-to-left&#8221;]<span style=\"color: #ffffff;\"><strong>Amplo estoque de Redutores de Velocidade usados e recondicionados de diversos tipos, capacidades e marcas.<\/strong><\/span><\/p>\n<p style=\"text-align: justify;\"><span style=\"color: #ffffff;\">A Santo Andr\u00e9 Motores recondiciona Redutor de Velocidade preservando todas as pe\u00e7as: eixos, rolamentos, engrenagens e carca\u00e7as.<\/span><\/p>\n<p style=\"text-align: justify;\"><span style=\"color: #ffffff;\">Utilize este dispositivo mec\u00e2nico para reduzir a rota\u00e7\u00e3o de um acionador.<\/span><\/p>\n<p><span style=\"color: #ffffff;\">Voc\u00ea encontra tamb\u00e9m modelos isolados de redutores, como: eixo de sa\u00edda, engrenagens, eixos maci\u00e7os e paralelos.<\/span>[\/vc_column_text]<div class=\"clearboth\"><\/div><div class=\"gem-divider \" style=\"margin-top: 40px;\"><\/div><div class=\"clearboth\"><\/div><div class=\"gem-divider \" style=\"margin-top: 95px;\"><\/div>[\/vc_column_inner][\/vc_row_inner][vc_empty_space][\/vc_column][\/vc_row][vc_row full_width=&#8221;stretch_row_content_no_spaces&#8221; slider_content=&#8221;&#8221; css=&#8221;.vc_custom_1618584338887{margin-bottom: 0px !important;}&#8221;][vc_column width=&#8221;1\/2&#8243; offset=&#8221;vc_hidden-md vc_hidden-sm vc_hidden-xs&#8221;][vc_column_text css_animation=&#8221;left-to-right&#8221;]<\/p>\n<h2 style=\"margin-bottom: 20px;\"><span style=\"color: #2c2c2c;\">Especifica\u00e7\u00f5es T\u00e9cnica dos\u00a0<strong>Redutores de Velocidade<\/strong><\/span><\/h2>\n<div style=\"width: 63px; height: 2px; background: #fbcf00; text-indent: 9999px;\">1<\/div>\n<p>[\/vc_column_text][vc_column_text css_animation=&#8221;left-to-right&#8221;]<strong>Redutores de Velocidade<\/strong>&nbsp;tem como caracter\u00edstica alto desempenho mesmo quando recondicionados. H\u00e1 facilidade na manuten\u00e7\u00e3o deste equipamento em fun\u00e7\u00e3o da caixa bipartida.<\/p>\n<p><strong>Uso de Redutores de Velocidade em<\/strong>:<\/p>\n<ul>\n<li>Extrusoras de Pl\u00e1stico e Borracha;<\/li>\n<li>Esteiras transportadoras;<\/li>\n<li>Elevadores de Carga;<\/li>\n<li>Calandras;<\/li>\n<li>Misturadores;<\/li>\n<li>Ponte Rolante.<\/li>\n<\/ul>\n<p><strong>Aplica\u00e7\u00e3o para<\/strong>:<\/p>\n<ul>\n<li>Siderurgias;<\/li>\n<li>Usinas;<\/li>\n<li>Ind\u00fastrias de pol\u00edmeros.<\/li>\n<\/ul>\n<p>[\/vc_column_text][\/vc_column][vc_column width=&#8221;1\/2&#8243;][vc_tta_accordion style=&#8221;modern&#8221; shape=&#8221;square&#8221; color=&#8221;grey&#8221; active_section=&#8221;1&#8243;][vc_tta_section title=&#8221;Redutor Novo&#8221; tab_id=&#8221;redutor-novo&#8221;]<div class=\"gem-list gem-list-type-square gem-list-color-4\"><p>Na Santo Andr\u00e9 Motores voc\u00ea encontra Redutores de Velocidade Usados e recondicionados de varias capacidades<\/p>\n<ul>\n<li>Os melhores pre\u00e7os do mercado;<\/li>\n<li>Despachamos para qualquer localidade do Brasil;<\/li>\n<li>Garantia Santo Andr\u00e9 Motores de 180 dias.<\/li>\n<\/ul>\n<\/div>[\/vc_tta_section][vc_tta_section title=&#8221;Redutores de Engrenagens Helicoidais de eixos paralelos&#8221; tab_id=&#8221;1523366705277-14baf049-4c06&#8243;]<div class=\"gem-list gem-list-type-square gem-list-color-4\"><p>Possu\u00edmos o maior estoque do Brasil. Trabalhamos com seriedade, pensando sempre no melhor atendimento aos nossos clientes. Ocupamos um lugar de destaque no mercado, valorizado por um grupo profissional altamente competente, alta qualidade em produtos e com pre\u00e7os competitivos.<\/p>\n<p><strong>Aplica\u00e7\u00e3o:<\/strong><\/p>\n<ul>\n<li>Extrusoras de Pl\u00e1stico e Borracha.<\/li>\n<\/ul>\n<\/div>[\/vc_tta_section][vc_tta_section title=&#8221;Redutor e Motoredutores de rosca sem fim e coroa de bronze&#8221; tab_id=&#8221;1523367028090-e64096dd-631d&#8221;]<div class=\"gem-list gem-list-type-square gem-list-color-4\"><p>Possu\u00edmos o maior estoque do Brasil. Trabalhamos com seriedade, pensando sempre no melhor atendimento aos nossos clientes. Ocupamos um lugar de destaque no mercado, valorizado por um grupo profissional altamente competente, alta qualidade em produtos e com pre\u00e7os competitivos.<\/p>\n<p><strong>Aplica\u00e7\u00e3o:<\/strong><\/p>\n<ul>\n<li>Esteiras transportadoras;<\/li>\n<li>Elevadores de Carga;<\/li>\n<li>Calandras;<\/li>\n<li>Misturadores;<\/li>\n<li>Ponte Rolante;<\/li>\n<li>Etc\u2026<\/li>\n<\/ul>\n<\/div>[\/vc_tta_section][\/vc_tta_accordion][\/vc_column][\/vc_row][vc_row full_width=&#8221;stretch_row_content_no_spaces&#8221; css=&#8221;.vc_custom_1464176165727{margin-bottom: 0px !important;}&#8221;][vc_column offset=&#8221;vc_hidden-lg&#8221;][vc_row_inner css=&#8221;.vc_custom_1523108058128{background-position: center !important;background-repeat: no-repeat !important;background-size: cover !important;}&#8221;][vc_column_inner css=&#8221;.vc_custom_1523108104260{padding-right: 20px !important;padding-left: 20px !important;background-color: rgba(39,41,44,0.4) !important;*background-color: rgb(39,41,44) !important;}&#8221;][vc_column_text css_animation=&#8221;right-to-left&#8221;]<\/p>\n<div class=\"title-h2\" style=\"margin-bottom: 20px;\"><span style=\"color: #ffffff;\">Redutores<\/span><\/div>\n<p style=\"text-align: justify;\"><strong><span style=\"color: #ffffff;\">NA SANTO ANDR\u00c9 MOTORES VOC\u00ca ENCONTRA REDUTORES DE VELOCIDADE USADOS E RECONDICIONADOS DE VARIAS CAPACIDADES.<\/span><\/strong><\/p>\n<div style=\"width: 63px; height: 2px; background: #fbcf00; text-indent: 9999px;\">1<\/div>\n<p>[\/vc_column_text]<div class=\"clearboth\"><\/div><div class=\"gem-divider \" style=\"margin-top: 65px;\"><\/div>[vc_column_text css_animation=&#8221;right-to-left&#8221;]<span style=\"color: #ffffff;\"><strong>Amplo estoque de Redutores de Velocidade usado e recondicionados de diversos tipos, capacidades e marcas<\/strong><\/span><\/p>\n<p style=\"text-align: justify;\"><span style=\"color: #ffffff;\">A Santo Andr\u00e9 Motores recondiciona Redutor de Velocidade preservando todas as pe\u00e7as: eixos, rolamentos, engrenagens e carca\u00e7as.<\/span><\/p>\n<p style=\"text-align: justify;\"><span style=\"color: #ffffff;\">Utilize este dispositivo mec\u00e2nico para reduzir a rota\u00e7\u00e3o de um acionador.<\/span><\/p>\n<p><span style=\"color: #ffffff;\">Voc\u00ea encontra tamb\u00e9m modelos isolados de redutores, como: eixo de sa\u00edda, engrenagens, eixos maci\u00e7os e paralelos.<br \/>\n<\/span>[\/vc_column_text]<div class=\"clearboth\"><\/div><div class=\"gem-divider \" style=\"margin-top: 40px;\"><\/div><div class=\"clearboth\"><\/div><div class=\"gem-divider \" style=\"margin-top: 95px;\"><\/div>[\/vc_column_inner][\/vc_row_inner][\/vc_column][\/vc_row][vc_row full_width=&#8221;stretch_row&#8221; css=&#8221;.vc_custom_1544785816680{margin-bottom: 0px !important;background-image: url(https:\/\/santoandremotores.com.br\/web\/\/wp-content\/uploads\/2018\/12\/Redutores.png?id=30590) !important;background-position: center !important;background-repeat: no-repeat !important;background-size: cover !important;}&#8221;][vc_column offset=&#8221;vc_hidden-lg&#8221;]<div class=\"clearboth\"><\/div><div class=\"gem-divider \" style=\"margin-top: 40px;\"><\/div>[\/vc_column][vc_column width=&#8221;1\/2&#8243; offset=&#8221;vc_hidden-lg&#8221;][vc_column_text css_animation=&#8221;left-to-right&#8221;]<\/p>\n<h5 style=\"margin-bottom: 20px;\"><span style=\"color: #2c2c2c;\">Especifica\u00e7\u00f5es T\u00e9cnica dos Redutores de Velocidade<\/span><\/h5>\n<div style=\"width: 63px; height: 2px; background: #fbcf00; text-indent: 9999px;\">1<\/div>\n<p>[\/vc_column_text]<div class=\"clearboth\"><\/div><div class=\"gem-divider \" style=\"margin-top: 60px;\"><\/div>[vc_column_text css_animation=&#8221;left-to-right&#8221;]<strong>Redutores de Velocidade<\/strong>&nbsp;tem como caracter\u00edstica alto desempenho mesmo quando recondicionados. H\u00e1 facilidade na manuten\u00e7\u00e3o deste equipamento em fun\u00e7\u00e3o da caixa bipartida.<\/p>\n<p><strong>Uso de Redutores de Velocidade em<\/strong>:<\/p>\n<ul>\n<li>Extrusoras de Pl\u00e1stico e Borracha;<\/li>\n<li>Esteiras transportadoras;<\/li>\n<li>Elevadores de Carga;<\/li>\n<li>Calandras;<\/li>\n<li>Misturadores;<\/li>\n<li>Ponte Rolante.<\/li>\n<\/ul>\n<p><strong>Aplica\u00e7\u00e3o para<\/strong>:<\/p>\n<ul>\n<li>Siderurgias;<\/li>\n<li>Usinas;<\/li>\n<li>Ind\u00fastrias de pol\u00edmeros.<\/li>\n<\/ul>\n<p>[\/vc_column_text][\/vc_column][vc_column width=&#8221;1\/2&#8243; offset=&#8221;vc_col-lg-offset-0 vc_hidden-lg vc_col-md-offset-0 vc_col-sm-offset-0&#8243;][vc_tta_accordion style=&#8221;modern&#8221; shape=&#8221;square&#8221; color=&#8221;grey&#8221; active_section=&#8221;1&#8243;][vc_tta_section title=&#8221;Redutor Novo&#8221; tab_id=&#8221;1618586481895-8dd33a0e-e702&#8243;]<div class=\"gem-list gem-list-type-square gem-list-color-4\"><p>Na Santo Andr\u00e9 Motores voc\u00ea encontra Redutores de Velocidade Usados e recondicionados de varias capacidades<\/p>\n<ul>\n<li>Os melhores pre\u00e7os do mercado;<\/li>\n<li>Despachamos para qualquer localidade do Brasil;<\/li>\n<li>Garantia Santo Andr\u00e9 Motores de 180 dias.<\/li>\n<\/ul>\n<\/div>[\/vc_tta_section][vc_tta_section title=&#8221;Redutores de Engrenagens Helicoidais de eixos paralelos&#8221; tab_id=&#8221;1618586481897-efe2d411-3762&#8243;]<div class=\"gem-list gem-list-type-square gem-list-color-4\"><p>Possu\u00edmos o maior estoque do Brasil. Trabalhamos com seriedade, pensando sempre no melhor atendimento aos nossos clientes. Ocupamos um lugar de destaque no mercado, valorizado por um grupo profissional altamente competente, alta qualidade em produtos e com pre\u00e7os competitivos.<\/p>\n<p><strong>Aplica\u00e7\u00e3o:<\/strong><\/p>\n<ul>\n<li>Extrusoras de Pl\u00e1stico e Borracha.<\/li>\n<\/ul>\n<\/div>[\/vc_tta_section][vc_tta_section title=&#8221;Redutor e Motoredutores de rosca sem fim e coroa de bronze&#8221; tab_id=&#8221;1618586481898-88657504-9d2f&#8221;]<div class=\"gem-list gem-list-type-square gem-list-color-4\"><p>Possu\u00edmos o maior estoque do Brasil. Trabalhamos com seriedade, pensando sempre no melhor atendimento aos nossos clientes. Ocupamos um lugar de destaque no mercado, valorizado por um grupo profissional altamente competente, alta qualidade em produtos e com pre\u00e7os competitivos.<\/p>\n<p><strong>Aplica\u00e7\u00e3o:<\/strong><\/p>\n<ul>\n<li>Esteiras transportadoras;<\/li>\n<li>Elevadores de Carga;<\/li>\n<li>Calandras;<\/li>\n<li>Misturadores;<\/li>\n<li>Ponte Rolante;<\/li>\n<li>Etc\u2026<\/li>\n<\/ul>\n<\/div>[\/vc_tta_section][\/vc_tta_accordion][\/vc_column][\/vc_row]<\/p>\n","protected":false},"excerpt":{"rendered":"<p>[vc_row full_width=&#8221;stretch_row_content_no_spaces&#8221; css=&#8221;.vc_custom_1464176165727{margin-bottom: 0px !important;}&#8221;][vc_column offset=&#8221;vc_hidden-md vc_hidden-sm vc_hidden-xs&#8221;][vc_row_inner css=&#8221;.vc_custom_1544630978746{background-image: url(https:\/\/santoandremotores.com.br\/web\/\/wp-content\/uploads\/2018\/04\/fundoproduto-18.png?id=30263) !important;background-position: center !important;background-repeat: no-repeat !important;background-size: cover !important;}&#8221;][vc_column_inner width=&#8221;1\/2&#8243;][\/vc_column_inner][vc_column_inner width=&#8221;1\/2&#8243; css=&#8221;.vc_custom_1618584379675{padding-right: 78px !important;padding-left: 78px !important;background-color: rgba(39,41,44,0.4) !important;*background-color: rgb(39,41,44) !important;}&#8221;][vc_column_text css_animation=&#8221;right-to-left&#8221;] Redutores NA SANTO&#8230;<\/p>\n","protected":false},"author":1,"featured_media":0,"parent":0,"menu_order":0,"comment_status":"closed","ping_status":"closed","template":"","meta":[],"_links":{"self":[{"href":"https:\/\/santoandremotores.com.br\/web\/wp-json\/wp\/v2\/pages\/30252"}],"collection":[{"href":"https:\/\/santoandremotores.com.br\/web\/wp-json\/wp\/v2\/pages"}],"about":[{"href":"https:\/\/santoandremotores.com.br\/web\/wp-json\/wp\/v2\/types\/page"}],"author":[{"embeddable":true,"href":"https:\/\/santoandremotores.com.br\/web\/wp-json\/wp\/v2\/users\/1"}],"replies":[{"embeddable":true,"href":"https:\/\/santoandremotores.com.br\/web\/wp-json\/wp\/v2\/comments?post=30252"}],"version-history":[{"count":30,"href":"https:\/\/santoandremotores.com.br\/web\/wp-json\/wp\/v2\/pages\/30252\/revisions"}],"predecessor-version":[{"id":31612,"href":"https:\/\/santoandremotores.com.br\/web\/wp-json\/wp\/v2\/pages\/30252\/revisions\/31612"}],"wp:attachment":[{"href":"https:\/\/santoandremotores.com.br\/web\/wp-json\/wp\/v2\/media?parent=30252"}],"curies":[{"name":"wp","href":"https:\/\/api.w.org\/{rel}","templated":true}]}}